1 (base 3) in base 4?
201310300
Convert -102121011000 (base 3) to base 9.
-377130
-39decd (base 15) to base 14
-525688
What is 160645 (base 12) in base 5?
43433130
Convert 12ad9 (base 16) to base 15.
17a05
Convert -1212523 (base 8) to base 15.
-68a94
-2408492 (base 10) to base 3
-11112100211102
What is -18588782 (base 9) in base 4?
-203310022133
What is 100000211112001 (base 3) in base 9?
10024461
-1a33d2 (base 15) to base 9
-2355168
-604041 (base 8) to base 3
-101002112212
-110300220 (base 4) to base 14
-22dba
Convert 71192 (base 11) to base 16.
19668
What is 2133033011 (base 5) in base 10?
4580381
What is -102102233 (base 4) in base 15?
-17302
What is -8d196 (base 15) in base 11?
-287581
Convert -db463d (base 15) to base 8.
-47655612
-1139680 (base 12) to base 13
-8c0295
What is -368883 (base 13) in base 8?
-4763330
What is -376c5 (base 13) in base 16?
-18f5d
-2716830 (base 11) to base 5
-2200202412
What is -3424648 (base 10) in base 7?
-41052253
1110133 (base 5) to base 2
100101111011010
What is 4e2660 (base 16) in base 2?
10011100010011001100000
-113301222130 (base 4) to base 8
-27615234
Convert 14a758 (base 12) to base 7.
2655536
Convert -302230 (base 6) to base 9.
-35640
Convert 25c68d (base 16) to base 12.
9b4811
What is 91580 (base 11) in base 5?
13240133
What is -125270 (base 11) in base 6?
-4121243
-201164 (base 8) to base 5
-4104124
-5987ff (base 16) to base 14
-aca447
Convert -11211021221 (base 3) to base 16.
-17308
What is 41215 (base 6) in base 13?
265a
What is 554606 (base 12) in base 9?
2485506
What is 5a322 (base 11) in base 10?
86902
What is 1113032203 (base 4) in base 5?
42413113
302222 (base 7) to base 6
1033045
10112122021212 (base 3) to base 12
7694a2
Convert -10201120110 (base 3) to base 9.
-121513
Convert -211116 (base 10) to base 4.
-303202230
10001011110100000 (base 2) to base 14
1c132
What is 1010111101001001100 (base 2) in base 12?
1538b8
Convert -275617 (base 11) to base 15.
-87ee3
-130123313 (base 4) to base 6
-2255115
-103605 (base 7) to base 15
-5590
4647558 (base 9) to base 6
125500555
Convert 8867a7 (base 16) to base 5.
4242030211
What is -2776504 (base 9) in base 15?
-20265a
-30a31 (base 13) to base 2
-10101010101110101
What is 80296 (base 10) in base 4?
103212220
1011010000000101100110 (base 2) to base 10
2949478
What is -11011100100101010 (base 2) in base 13?
-3c537
1284803 (base 11) to base 4
20131101332
-491c54 (base 15) to base 3
-20120210002221
1110000102012 (base 3) to base 13
20b703
-236398 (base 12) to base 8
-2132644
Convert -11002012102 (base 3) to base 7.
-453134
Convert 4134688 (base 10) to base 12.
1474914
Convert 860100 (base 10) to base 13.
241647
Convert 1010111010010011101 (base 2) to base 7.
3016241
Convert 25666226 (base 8) to base 16.
576c96
Convert 1233125 (base 7) to base 6.
3230415
Convert -211111222022022 (base 3) to base 10.
-11966759
Convert 556887 (base 9) to base 13.
b8840
-782768 (base 13) to base 15
-3ae702
Convert 17e1c (base 15) to base 8.
227163
What is 11d54 (base 16) in base 4?
101311110
What is 1100100101000111 (base 2) in base 6?
1034315
-62aa45 (base 14) to base 15
-45c95c
Convert 45d034 (base 15) to base 6.
155245421
What is 11111110010010100 (base 2) in base 4?
133302110
What is -1100001001100001101 (base 2) in base 3?
-202020002012
4420666 (base 7) to base 14
101c36
-28671 (base 14) to base 6
-2051123
-5e6165 (base 15) to base 9
-8457685
412404354 (base 6) to base 2
11011001011001101101110
781b7 (base 15) to base 10
381772
57b68 (base 12) to base 10
117440
Convert -182074 (base 11) to base 2.
-1000100100101011010
-2015635 (base 8) to base 13
-157b18
Convert -37078 (base 10) to base 15.
-aebd
-337861 (base 9) to base 8
-613614
What is -18277 (base 14) in base 9?
-102437
-11210110200 (base 3) to base 14
-26579
What is 25050041 (base 6) in base 2?
11000011001110101001
Convert -4601142 (base 7) to base 2.
-10001011100111010100
-4233251 (base 6) to base 8
-623737
-47cc5 (base 16) to base 14
-79261
40033047 (base 8) to base 10
8402471
What is 32815 (base 9) in base 2?
101010100101011
Convert 326363 (base 14) to base 11.
a66911
b8026 (base 12) to base 11
155865
What is -5057550 (base 9) in base 10?
-2695563
What is -230ab34 (base 12) in base 2?
-11001101100110111011000
What is 133540103 (base 6) in base 3?
12002100111110
Convert 5615733 (base 8) to base 2.
101110001101111011011
1802080 (base 9) to base 4
3311130303
What is -449cc (base 16) in base 6?
-10005032
Convert 8280268 (base 9) to base 2.
10000110111101011000010
Convert 435511 (base 6) to base 14.
d2dd
Convert 110000011111000101001 (base 2) to base 14.
2d5001
18018235 (base 9) to base 6
521524352
-4a886 (base 15) to base 12
-b5a00
Convert -4b3126 (base 14) to base 6.
-131203130
What is 6222 (base 16) in base 8?
61042
a6e10a (base 15) to base 2
11110010011101100011001
-12024304314 (base 5) to base 7
-226103325
What is 735611 (base 8) in base 14?
65209
Convert 63220 (base 9) to base 2.
1010001100000101
Convert 2122101112010 (base 3) to base 4.
11113003230
What is -133210330 (base 6) in base 8?
-12153216
Convert 3611 (base 15) to base 9.
16677
4b8e3 (base 16) to base 8
1134343
Convert -319b46 (base 12) to base 9.
-1425020
1720464 (base 8) to base 7
4151533
Convert 10011001000110001001100 (base 2) to base 7.
60432544
What is -3a716 (base 12) in base 5?
-10034024
Convert -1360355 (base 8) to base 12.
-166b51
Convert -111110033223 (base 4) to base 5.
-2412303242
What is -89aa7 (base 11) in base 2?
-11111110110000010
-1678583 (base 9) to base 14
-1a5b82
Convert -527769 (base 10) to base 3.
-222210222000
1000011000010110001011 (base 2) to base 7
24446612
What is -236bc64 (base 13) in base 16?
-a75094
b036ab (base 14) to base 15
7c0b18
-110101011111000010 (base 2) to base 14
-59ba2
Convert -101513 (base 10) to base 4.
-120302021
Convert -176811 (base 9) to base 2.
-11010110110111000
1021212211 (base 3) to base 16
6355
What is -952a22 (base 11) in base 4?
-11310230200
Convert -63e3 (base 15) to base 13.
-9810
-101011110010111011011 (base 2) to base 14
-294dd1
What is -c43ab (base 15) in base 6?
-21154512
What is 2360011 (base 10) in base 5?
1101010021
What is 144619 (base 11) in base 7?
1626655
Convert -102101112212220 (base 3) to base 10.
-6053532
3eed8d (base 15) to base 3
12201022020021
Convert -2948b3 (base 13) to base 11.
-62a850
-110001000011001100010101 (base 2) to base 8
-61031425
What is 110100100111101001 (base 2) in base 13?
77142
-188695 (base 13) to base 8
-2267775
Convert 211432434 (base 5) to base 4.
3121032100
Convert -315435015 (base 6) to base 5.
-2412310042
Convert -4189796 (base 10) to base 4.
-33332321210
-28c8a (base 14) to base 8
-305612
What is 34321331 (base 5) in base 11?
1a0212
Convert -3311121230 (base 4) to base 14.
-1c2456
461464 (base 7) to base 5
10112334
What is -cd37b (base 14) in base 13?
-1454c7
What is -1232310 (base 5) in base 2?
-101111000010000
What is -1735608 (base 10) in base 5?
-421014413
Convert 7289a9 (base 12) to base 5.
430023140
-11a18 (base 15) to base 8
-155721
6674020 (base 9) to base 14
696d73
-a51b3 (base 14) to base 13
-10c354
What is -667c35 (base 13) in base 15?
-32b050
-55502455 (base 7) to base 11
-278253a
Convert 43a85 (base 13) to base 10.
122634
2dada (base 14) to base 2
11011111111100000
What is -310210113 (base 4) in base 2?
-110100100100010111
Convert 1dc0a (base 16) to base 8.
356012
6836d (base 15) to base 13
b7b92
Convert -2315076 (base 8) to base 4.
-2121220332
-33243333 (base 6) to base 15
-14ba29
Convert -1155200 (base 6) to base 8.
-171160
Convert -35b736 (base 12) to base 3.
-1122012201220
What is 2895200 (base 12) in base 13?
18c8430
Convert 455635 (base 7) to base 2.
10011110101110100
-16203341 (base 7) to base 12
-6352a8
What is 59690 (base 11) in base 13?
301c1
-24437618 (base 9) to base 10
-11953187
-4d665 (base 16) to base 4
-1031121211
What is 111431030 (base 6) in base 8?
7623132
Convert 111000201011 (base 3) to base 2.
111110100110001100
2932a23 (base 11) to base 7
60562022
36b916 (base 15) to base 5
1132333141
-113211103 (base 4) to base 6
-2023111
Convert -31124712 (base 8) to base 11.
-37a6523
Convert -855934 (base 13) to base 9.
-5783577
What is -1156180 (base 9) in base 3?
-1011220012200
Convert 74677 (base 11) to base 4.
122201031
Conve